Let f(m) = 3 + 12*m**2 - m**3 - 5*m**2 - m - 8*m. Let v(j) = j**3 - 3*j**2 + j + 3. Suppose 7*y = 4*y + 9. Let x be v(y). What is f(x)?
-15
Suppose -1075 = -5*q - 10*z + 15*z, q - 230 = 4*z. Let a(h) = q + h - 212 + 0*h. Calculate a(-5).
-7
Let x(n) = n - 4. Let r be -2 - (11 + -13)*(-15)/(-6). Let d be -2 + (13 - 2) - 2. Suppose -4*q - 8 = 4*l, 0 = -3*q + r*l + d - 1. Determine x(q).
-4
Let s(t) = -13 + t**2 + 19 + 11860*t - 11858*t + t**3 - 10*t**2. Let a be (3 - -1)*9/4. Calculate s(a).
24
Let u(s) be the second derivative of s**5/60 - 5*s**4/24 - s**3/2 + 97*s**2 - 17*s. Let t(j) be the first derivative of u(j). Give t(6).
3
Let f(n) = 9*n + 5*n**2 - 2*n**2 - n**2 - 2 + 9. Let x be f(-3). Let d(g) = 3*g - 1. Give d(x).
-7
Let m(z) = -10*z + 164. Let g(t) = 11*t - 191. Let w(a) = 6*g(a) + 7*m(a). Give w(-3).
14
Let c(l) = l**3 + 10*l**2 - 12*l - 1. Let i be (-1*(-744)/14)/((-1)/7). Let f = -383 - i. Give c(f).
10
Let a(o) be the second derivative of 13*o**3/6 - 229*o**2/2 - 14*o. Calculate a(18).
5
Let i(n) = -n**3 - 4*n**2 - 4*n - 5. Let j be (-4)/(-14)*-7 + 5*1. Let l be j*36/(-27) + 0/(-2). What is i(l)?
11
Let b(i) be the third derivative of -i**6/120 - 5*i**5/6 - 11*i**4/6 + 85*i**3/2 + 37*i**2 + 3. Determine b(-49).
10
Let x(y) = 42*y + 2309. Let g be x(-55). Let b(l) = -2*l**2 - 10*l - 3. What is b(g)?
5
Let r(o) = 13*o**3 - 232*o**2 - 35*o - 24. Let c be r(18). Let v(i) = i**2 + 9*i - 1. Calculate v(c).
-19
Let q(j) be the second derivative of j**6/144 + j**5/120 - j**4/6 - 31*j**3/6 - 102*j. Let n(f) be the third derivative of q(f). Determine n(-1).
-4
Suppose 0 = -4*d - 5*t - 60, -57*t - 4 = -56*t. Let s(v) = v**3 + 12*v**2 + 21*v + 8. What is s(d)?
-2
Let r be (15/18)/(-1) + (-735)/630. Let q(o) = 18*o**2 + o + 1. Determine q(r).
71
Let a(l) = 4*l - 12. Let b(m) = 2*m**2 + 33*m + 134. Let n be b(-8). Let z(w) = -w + 11. Let v(h) = n*a(h) - 3*z(h). Calculate v(-4).
11
Suppose 4*h = -2*r - 22, -6*r - 3*h - 3 = -9*r. Let f be (-1)/((4/10)/(r + 5)). Let j(u) = 3*u + 5. Give j(f).
-10
Let z(w) be the third derivative of w**5/30 - w**2. Suppose 6 = -5*i - g, -8 = 56*i - 57*i + 9*g. Determine z(i).
2
Suppose 21*s + 15 = -6. Let x(v) be the third derivative of -7*v**6/60 + v**5/60 - v**4/24 - v**3/6 - 16*v**2. Determine x(s).
15
Let r(j) = 4*j**2 - 10*j + 3. Let p(v) = 9*v**2 - 21*v + 6. Let h(s) = -3*p(s) + 7*r(s). Let u be (-6 + 4)/2 + -69. Let o = 76 + u. Determine h(o).
-3
Let m(h) be the first derivative of -h**4/2 - h**3/3 - 9*h**2/2 - 13*h + 648. Determine m(-2).
17
Let h = 305 + -308. Suppose 2*l + 0 = 4. Let i(u) = 4 + u - 4 - l + 1. Calculate i(h).
-4
Let c(l) = -678 + 332 + 348 + l. Let n(a) = 8. Let y(p) = 5*c(p) - 2*n(p). Determine y(6).
24
Let q(s) = s**3 + 5*s**2 - 12*s + 12. Let k(a) = -2564*a - 3 + 2 + 2 + 2563*a. Let h(z) = 4*k(z) - q(z). What is h(-7)?
34
Let t(j) = -2*j**2 - j. Let i(l) = -l**3 + 10*l**2 + 4*l + 2. Suppose 5 = -6*o + 11. Let b(r) = o*i(r) + 4*t(r). What is b(2)?
2
Let u(r) = 24*r**2 + 32*r**3 - 59*r**3 + 7 + 26*r**3 - 16*r**2 + 2*r. Give u(6).
91
Let p(x) be the second derivative of 2*x**2 - 2/3*x**3 - 1/12*x**4 + 4 + 8*x. Give p(-3).
7
Suppose -11*c - b - 17 = -14*c, c - 2*b = -1. Suppose -4*r + 5 = 9. Let l(x) = x**3 - x + 1. Let u(h) = -6*h**2 - 7*h - 6. Let a(d) = r*u(d) - l(d). Give a(c).
12
Let t(b) = -b**3 + 27*b**2 - 105*b - 105. Let w be t(22). Let n(c) = c**3 + 6*c**2 - 55*c + 3. Calculate n(w).
3
Let s(c) = 16*c + 1. Let h be (-105)/(8/((-16)/(-3))). Let x = h - -71. Determine s(x).
17
Let p(n) be the second derivative of n**3/6 + 5*n**2 + 9*n. Suppose -66*z - 635 = 355. Determine p(z).
-5
Let x(p) be the second derivative of p**5/20 - 5*p**4/12 - p**3/6 + 2*p**2 + p. Suppose -17281*i + 190 = -17243*i. What is x(i)?
-1
Let r = 226 - 223. Let u(q) = 188*q**3 - 1 + 190*q**3 - 379*q**r + q + 2. Give u(0).
1
Let n(v) = -v**2 - 2*v + 8. Let r(c) = -1. Let x(w) = n(w) + 4*r(w). Suppose 0 = -2*t - 3 + 13, 4*o + 3*t = -85. Let i be 95/o + 2/(-10). Calculate x(i).
-4
Let z(g) = -g**2 + 5*g + 38. Suppose -3*k - 486*c + 34 = -485*c, 4*k + 3*c = 57. Calculate z(k).
2
Let z(r) be the third derivative of r**4/6 - 6*r**3 + 10*r**2. What is z(11)?
8
Suppose j + 4 = 2, 91 = -q + 3*j. Let l = q + 105. Let c(d) = -2*d - 5. What is c(l)?
-21
Let r(h) = 31*h - 369. Suppose 0 = -64*y - 111*y + 2100. Determine r(y).
3
Let n(o) be the third derivative of 7*o**4/24 + 4*o**3/3 + 1298*o**2. Give n(4).
36
Let g = 83 + -74. Let b(i) = -37*i**2 + 19*i - 10. Let v(u) = 32*u**2 - 19*u + 9. Let x(d) = 6*b(d) + 7*v(d). Calculate x(g).
-6
Let y(b) = -2*b**2 - 5 + b**2 + 6*b + 9. Let h = -1506 + 1512. Give y(h).
4
Let b(v) = -605*v - 3 - 579*v + 1190*v + v**2. Let i = 8 + -13. What is b(i)?
-8
Let i(s) be the first derivative of -s**6/120 + s**5/30 + s**4/6 - s**3/6 + 7*s**2 + 5. Let x(t) be the second derivative of i(t). Give x(3).
2
Let r(i) = -30*i + 3. Let z = 17842 - 17843. Determine r(z).
33
Let l(z) be the third derivative of -1/12*z**4 + 0 + 1/720*z**6 + 0*z**3 + 0*z - 17*z**2 - 1/10*z**5. Let k(x) be the second derivative of l(x). Calculate k(9).
-3
Suppose -8*u + 7*u - 12 = 0. Let v(n) = 4*n - 61. Let w be v(u). Let f = w + 104. Let d(g) = 6*g + 5. What is d(f)?
-25
Suppose 0 = 99*s - 97*s + 34. Let n(j) = j + 23. Give n(s).
6
Let u(j) = -3*j**2 + 25*j + 11. Suppose 10 = -2*t, 16 = y - 4*t - 13. What is u(y)?
-7
Let k(h) = -3*h**2 + 4*h + 1. Let l = 807 + -805. Suppose -2*t + 8 = l. Calculate k(t).
-14
Suppose 5 = -i, -5*m + 1 = -3*i - 14. Let n(l) = -2*l**3 - l**2 - 3*l + 3. Let v(b) = -3*b**3 - 3*b**2 - 7*b + 17. Let y(k) = -2*n(k) + v(k). Give y(m).
11
Let a(c) = c**2 + 14*c + 15. Let y = -15245 - -15230. Determine a(y).
30
Let m be (-3 - (-63)/14)/(3/20). Suppose m = -6*n + 11*n. Let b(c) = 2*c**2 + 0*c - 5 - c**n - 3*c - 2. Determine b(5).
3
Let k(l) = 405*l - 405*l - l**3 + 11*l**2 - 6. Let w(p) = 2*p**2 + 4*p - 5. Let h be w(2). Give k(h).
-6
Let p(s) = s - 1. Let f = -24 + 47. Let g(v) = 15*v**2 + 14*v**3 - 26*v**3 + 11*v**3 + 15*v**2 + 23*v - 8*v**2. Let c be g(f). Give p(c).
-1
Let z(k) = k - 10*k**3 - 4*k + 557 + 6*k**3 + k**3 + 5*k**2 - 553. Let j = -7 + 10. What is z(j)?
-41
Let y = 37558 + -37566. Let t(r) = r**3 + 8*r**2 + 3. What is t(y)?
3
Let y(p) = 0*p + 3 + 3*p - 559*p**2 + 558*p**2. Suppose 0 = -k - 2, -h + 4*k - 8 = -0*k. Let q = h + 22. What is y(q)?
-15
Let j(k) = -k + 22. Suppose -128 = 2*a - 5*a + 5*t, -4*t = -3*a + 133. Suppose y + 35*s = 40*s + 19, 5*y - 3*s - a = 0. Give j(y).
13
Let x(h) = -2*h**3 + 8*h**2 + h - 24. Let k be x(-5). Let s = k + -443. Let d(w) = -w**3 - 22*w**2 + w + 14. What is d(s)?
-8
Let w(h) = 37*h - 1. Suppose -1713*v + 1715*v = -2. Calculate w(v).
-38
Let d(z) = z - 17. Let a(w) = w**2 + 18*w - 250. Let n be a(-27). What is d(n)?
-24
Let q(p) = -43*p + 4. Let b(m) = 143*m - 11. Let f(l) = -3*b(l) - 10*q(l). Suppose u - h = 6*u - 67, -5*u = 4*h - 73. What is f(u)?
6
Let o(t) = -29*t - 146. Let z(r) = -5*r**2 - 340*r - 5. Let y be z(-68). What is o(y)?
-1
Let x(q) = -q**2 - q - 11. Let y = 3500 - 3504. What is x(y)?
-23
Let j = 1 + 2. Let o = 4 - j. Let u(f) = -5*f**3 - 98 + 5*f**3 + 97 + f**3 + f. Determine u(o).
1
Let z(p) = 9*p + 9. Let o(g) = -4*g - 11. Let n(b) = 3*o(b) + 2*z(b). Determine n(-6).
-51
Suppose -35 = -2*n - 5*n. Let u(p) = -17*p**2 - 2*p - 7. Let r(l) = 23*l**2 + 2*l + 7. Let h(y) = 3*r(y) + 4*u(y). Give h(n).
8
Suppose 24*z + 278 = -28 + 66. Let t(w) = -5*w + 14. Calculate t(z).
64
Let o(r) be the first derivative of r**4/4 + r**2/2 - r + 254. Let l be 3/(4 - 1) + 2. What is o(l)?
29
Let s(k) = 2*k + 16 - 21 - 6. Suppose 2*f = 5*i - 34, -4*f - 30 + 2 = -5*i. What is s(i)?
5
Let z(v) = -v**3 - 16*v**2 - 32*v - 5. Let m(q) = 2*q**3 + 33*q**2 + 64*q + 13. Let f(w) = 2*m(w) + 5*z(w). Calculate f(-11).
-10
Let a(z) = -z**2 - 11*z - 27. Let n(s) = -344*s + 7903. Let q be n(23). Calculate a(q).
-9
Let n(b) = -b. Let k(c) = 5*c**2 - 441*c + 444*c - c**2 - 2*c**2 - 3*c**2. Let q(h) = -k(h) + 6*n(h). Determine q(4).
-20
Let b(c) be the second derivative of 3*c**3/2 - 65*c**2 - 451*c. Determine b(15).
5
Let c(g) = -31*g**3 + 2*g**2 + g. Let x(b) = -55 + 0*b + 42 - b. Let r be x(-12). Determine c(r).
32
Let x(n) = -n. Let d = -8 + 1. Let u = d + 8. Let c